 is y(h)?
-2
Let h be (-5)/(-20) - (-15)/4. Suppose -i + h = 3*i. Let b(w) = 4*w + 1. What is b(i)?
5
Let w be -2 + (-2)/(-4)*0. Let m(d) = 40 - 3*d - 87 + 2*d**2 + 46. Determine m(w).
13
Let r(t) = -t - 5. Suppose -18*b + 103 = 13. Calculate r(b).
-10
Let l(i) = i + 4. Let n(z) = 4*z + 9. Let r(j) = 7*l(j) - 3*n(j). Give r(-2).
11
Let h(u) = -u - 25. Let r(m) = -6. Suppose 0*a + 2*a = 4. Let c(p) = a*h(p) - 9*r(p). What is c(5)?
-6
Let f(k) = 10*k**2 - 1 + 4*k**2 + 0 - 15*k**2 + 4*k. Give f(5).
-6
Suppose 2*d - 5 = 5. Suppose -27 = -s - 5*p, -d*s + 2*p - 6 = -3*s. Let a(r) = -r**2 + 39 + 0*r**2 - 38. Determine a(s).
-3
Let y = 60 - 58. Let s(t) be the second derivative of 1/20*t**5 - 5/6*t**3 - 1/4*t**4 + t - t**y + 0. What is s(4)?
-6
Let l(w) = w**2 + 3*w - 6. Let v = -4 + 6. Let y(x) = 5*x**2 + 11*x - 24. Let r(p) = v*y(p) - 9*l(p). Suppose h = 4, -5*k + h + 11 = -10. Determine r(k).
6
Let w(q) be the third derivative of 0*q + 0 + 1/6*q**4 - q**2 + 0*q**5 - 1/120*q**6 - 1/2*q**3. Suppose -4*c + 5 = -3. Calculate w(c).
-3
Let a(u) = 3*u - 9. Let f(r) = -r**3 - 3*r**2 + 5*r + 2. Let d be f(-4). Let i be (d + 8/1)/1. Calculate a(i).
9
Let i(h) = -4*h**3 + 1 + 7*h**3 + 2 - 2. What is i(-1)?
-2
Let a(b) be the first derivative of -11*b**2/2 + b - 42. Calculate a(1).
-10
Let h(p) = -181*p - 4*p**3 - 4*p**3 + 182*p. Determine h(1).
-7
Let z(q) = q**2 + q. Suppose 45 = 11*k - 26*k. Calculate z(k).
6
Let t = -5 + 7. Let j(n) = -n + n**t - n + 3*n - 2. Let y(k) = -k**2 - 2*k + 5. Let u be y(-4). What is j(u)?
4
Let p = -17 + 18. Let z(a) = a - p - 1 + 3 + a**2. What is z(-1)?
1
Let y(c) = c - 3. Let q be y(5). Let h(n) = 8*n - 2 - 7*n + 0 + 4 + 2*n**2. Give h(q).
12
Suppose l - 1 = s - 0*l, 3*s + 5*l = 37. Let q(v) = v. Calculate q(s).
4
Let h(k) = -k**3 + 3*k**2 - 3*k - 2. Let g(x) = x**2 + 7*x + 3. Let o be g(-6). Let q(m) = -m**3 - 4*m**2 - 4*m. Let u be q(o). Calculate h(u).
-11
Let b(j) be the second derivative of -4*j**4/3 - j**2/2 + 14*j. Determine b(-1).
-17
Let m(v) = -117*v**3 - 6*v**2 - 3 - 2 + 118*v**3 + v**2 + v. Suppose 0*j = 4*j + 4*t - 8, t = -3*j + 12. Give m(j).
0
Let o(y) be the second derivative of -y**5/20 + y**4/12 + y**3/6 - y**2 + y. Suppose x = -3*m - 9, -3*x + 4*m = 2*m - 6. Let k = x - 2. Calculate o(k).
8
Let g(f) = f - 17. Let y(x) = -x**3 - 23*x**2 - 20*x + 51. Let d be y(-22). Determine g(d).
-10
Let l(m) = 3*m**2 - m**2 + 42*m - 3*m**2 - 36*m. Give l(5).
5
Let l = -5 + 5. Let m(b) = 31 - 29 + l*b**3 + 2*b**2 - b**3 - 2*b. Let j be 6/4 - 1/(-2). What is m(j)?
-2
Let d(v) = -v**2 + v + 2. Let o be d(2). Let s = -2 + 5. Let u(t) = t - 2*t - s - 3. Calculate u(o).
-6
Let v(o) = -o**2 + 6*o + 8. Let f(m) = -m**2 + 6*m + 9. Let i(y) = -2*f(y) + 3*v(y). Give i(8).
-10
Let l(q) = -2*q**2 + 6*q - 3. Let a(z) = -2 + z**2 + 3*z - 4*z + 2*z. Let o be (-22)/(-14) - 9/(-21). Let i be a(o). Calculate l(i).
-11
Let k(t) = -t**2 + 3*t - 1. Let b be k(2). Suppose -f = -0*x + x + 3, -2*f - x = b. Let j(q) = -q + 3*q**2 - 2*q + 0*q. Give j(f).
6
Let k(o) = -o**3 + 8*o**2 + 2. Let b be 12/15*(-30)/(-3). Let x be k(b). Let g be (1 + x)/((-1)/(-1)). Let s(p) = -2*p**2 + 3*p. Give s(g).
-9
Let t(y) = -2*y + 6. Let m be t(5). Let n be 0 + 0 + 0 + m. Let b(c) = c**2 + 4*c - 4. Give b(n).
-4
Let p = -1 + -1. Let k(g) = g**2 + 7*g + 5. Let j(b) = -b**2 - 6*b - 4. Suppose -4*u + 3*u + 7 = 0. Let h(v) = u*j(v) + 6*k(v). Determine h(p).
-2
Let g(z) = -z**3 - 6*z**2 - 7*z. Suppose -5*s - x - 23 = 6, 3*s + 5*x + 35 = 0. Calculate g(s).
10
Let y(g) = 2*g**2 - 7*g - 3. Let n be y(4). Let h(v) = 5*v + 1. Give h(n).
6
Let l(a) = -a. Let h(p) = -p**2 + 3*p + 10. Let n(w) = w**2 - 3*w - 9. Let z(j) = -5*h(j) - 6*n(j). Let q be z(3). Determine l(q).
-4
Suppose 6*q - q = -4*n + 35, 2*q + n - 11 = 0. Let y(c) = 9 + 4*c - c - c - q. Calculate y(-5).
-4
Let r(a) = a + 11 - 11 + 4*a**2. Calculate r(-1).
3
Let q(n) be the third derivative of -n**6/120 + n**5/10 - n**4/4 - n**3 + n**2. Suppose 5 = -5*r, g - 5*r = -2*r + 8. Determine q(g).
-11
Let q(a) = -3*a + 7. Let c = -20 + 26. What is q(c)?
-11
Suppose g - 2*j + 2 = 3*g, -4*g + 10 = 2*j. Let s(d) = 3*d + 1 - 4*d + 0 - 4. Determine s(g).
-7
Let i be 1*7/(-2 + 3). Let l(o) = -o**3 + 7*o**2 + o - 7. What is l(i)?
0
Let u(a) be the second derivative of a**7/2520 + a**6/720 + a**5/60 + a**4/6 + 3*a. Let z(l) be the third derivative of u(l). Let f = 5 + -7. Determine z(f).
4
Let n(f) = f. Let x(z) = 5*z + 3. Let m(a) = 12*n(a) - 3*x(a). What is m(-6)?
9
Let h(n) = -n - 8. Let w be 14/(-5)*25/(-10). Let p = -4 + w. Suppose -k - 4*y = 8, 0 = -5*k - y + p*y - 18. Calculate h(k).
-4
Let t(h) = -h**2 - 2*h**3 + 7*h**3 + 241 - 240. Give t(1).
5
Let q(w) = w**2 + 3*w. Let k(m) = -m**2 + 10*m - 12. Let d be k(8). Suppose -d*l + 0 = 12. What is q(l)?
0
Let s(j) = j**2 + 5*j + 4. Let c(d) = -6*d**2 + 1. Let v be c(1). Give s(v).
4
Suppose -4*i - 9 = 3. Let f = -6 - i. Let r(z) = z**2 + 3*z + 1. What is r(f)?
1
Let n(j) = -2*j + 4. Let a = 20 + -15. Give n(a).
-6
Suppose 2*p - 10 = 3*p + 2*y, -p + 5*y = -18. Let u(h) = -h**2 - 2*h - 1. Calculate u(p).
-1
Let k(p) = 4*p**3 - 7*p**2 - 5*p - 7. Let d(y) = -y**3 + y**2 + 1. Let r(x) = -3*d(x) - k(x). Calculate r(5).
4
Suppose -z = 4 + 1. Let h(f) = -f**3 - 4*f + 4 + 3*f - 8*f**2 - 2*f + 2*f**2. Determine h(z).
-6
Let m(y) = -7*y**2 + 4*y + 2. Let l(s) = s**2 - s. Let x(p) = -6*l(p) - m(p). Suppose -2 = -z - 0*z. Determine x(z).
6
Let s(t) = t**2 + 2*t - 1. Let o = -3 + 3. Suppose 2*h + 4*v = -0*h - 14, 5*h - v + 13 = o. Determine s(h).
2
Let f(g) = -g**3 - 3 - 2*g**2 + 2*g**3 + 2 + 2*g. Let b = 1 - 2. Let o = 1 - b. What is f(o)?
3
Let u = -4 - -1. Let g(b) = -3*b**2 - 3*b - 17. Let l(h) = h**2 + h + 6. Let z(k) = 6*g(k) + 17*l(k). Determine z(u).
-6
Let s(c) = 3*c**2 + 2*c - 1. Let p be s(-2). Let f(g) = -g + 2 - g + p*g. Determine f(-2).
-8
Let v(j) = j**3 - 6*j**2 - 2*j + 3. Suppose r = 5*n - 2 + 30, n = -r + 4. Let o be (-276)/(-48) - (-2)/r. Give v(o).
-9
Let g be (-90)/(-25) - 2/(-5). Let j(i) = -4*i + 4. Give j(g).
-12
Let r(a) = 5*a + 4. Let q be r(-5). Let p = 21 + q. Let g(k) = k**3 - k**2 + 6. Give g(p).
6
Let z(a) be the first derivative of -a + 2 + 5/3*a**3 - 1/2*a**2. Let d be z(-1). Let y(n) = -n - 1. Determine y(d).
-6
Let h(p) = -p**3 + 2*p - 1. Suppose -2*r + 3 = 1. Let d be h(r). Let k(v) = v**2 - v + 10. Determine k(d).
10
Let q(z) = -z - 8. Let x be 152/40 - (-2)/10. Suppose 3*r = x*r. Suppose -b + 0*b = r. Determine q(b).
-8
Let o(y) = 13*y**2 + 29*y - 45. Let g(r) = -r + 15. Let b be g(13). Let i(u) = -3*u**2 - 7*u + 11. Let k(x) = b*o(x) + 9*i(x). Give k(-7).
-5
Suppose 0 = 2*f + f - 18. Let b be (-3)/4*(-2 + f). Let j(n) = 4*n + 1. Give j(b).
-11
Let l(r) = -r**2 + 2*r + 1. Let o be l(2). Let g(w) = 85 - 2*w - w**2 - 86 + 3*w. Determine g(o).
-1
Let x(c) be the first derivative of -c**2/2 - 14*c - 7. What is x(-7)?
-7
Let t(o) = 3*o**2 + 2*o - 1. Let c be -2 + 4 + 0/(-1). Suppose b + c*b = 0. Suppose -5 = -5*y - b*y. What is t(y)?
4
Let m(n) be the first derivative of n**2 + 6*n - 7. Calculate m(-4).
-2
Suppose 3*p = -0*m + 4*m + 4, 2*m + 4*p - 20 = 0. Let o(s) = 2*s**3 - 4*s**2 + 4*s - 2. Calculate o(m).
6
Let x(c) be the second derivative of -c**5/20 + c**4/6 + c**3/3 - 8*c. Let r(u) = u**2 - 2. Let o be r(-2). Give x(o).
4
Let q = 99/62 + -3/31. Let c(u) be the second derivative of 0 + 1/20*u**5 - 7/12*u**4 - q*u**2 + 7/6*u**3 + 2*u. Calculate c(6).
3
Let i be ((-1)/2)/(2/(-8)). Let q be 0 + -1 + 4 + -1. Let r(h) = 2 - 2*h**q + 3*h**2 + 2*h**3 - 3*h**3. What is r(i)?
-2
Let u(p) be the third derivative of p**5/120 + p**4/24 - p**3 + 6*p**2. Let b(t) be the first derivative of u(t). Determine b(4).
5
Let q(b) = 1 + 3 + b + 4. Let l(x) = x**3 + 10*x**2 + 9*x + 5. Let h be l(-9). Let j = h - 5. Calculate q(j).
8
Let u(p) = -5. Let j(t) = -t - 6. Let f(h) = -2*j(h) + 3*u(h). Calculate f(3).
3
Let z(q) = q. Let j(y) = y**3 + 3*y**2 - 2*y - 4. Let c be j(-3). Let b(l) = 1. Let k(g) = c*b(g) - z(g). Let f be (1/2)/(5/(-30)). What is k(f)?
5
Suppose 8*q = 3*q. Let z be (q + 0/1)/(-2). Let b(g) = g**3 - 4. Give b(z).
-4
Let r = 8 + -5. Suppose r*n + 10 = 1. Let b(c) = -c + 1. Let o(u) = -2*u + 4. Let q(p) = -6*b(p) + 2*o(p). Give q(n).
-4
Let c(a) = a**2 - 